{"id":1813,"date":"2017-05-03T13:36:18","date_gmt":"2019-04-09T07:47:16","guid":{"rendered":"https:\/\/n3zonesgroup.no\/renholdssoner\/?page_id=1813"},"modified":"2019-10-29T10:24:19","modified_gmt":"2019-10-29T09:24:19","slug":"n3branding","status":"publish","type":"page","link":"https:\/\/n3.no\/renholdssoner\/n3branding\/","title":{"rendered":"N3branding"},"content":{"rendered":"<p>[vc_row el_class=&raquo;container topp&raquo;][vc_column][vc_column_text]<\/p>\n<h1 style=\"text-align: center;\">Gi renholdssonen s\u00e6rpreg<br \/>\nmed N3branding<\/h1>\n<p>[\/vc_column_text][vc_column_text el_class=&raquo;smallcontainer&raquo;]<\/p>\n<h4>En spesialdesignet renholdssone med ditt uttrykk gir ikke bare et renere og tryggere arbeidsmilj\u00f8, men gir ogs\u00e5 muligheten til \u00e5 utnytte en unik eksponeringsflate &#8211; nemlig gulvet! Om du har behov for utskiftbare budskap til kampanjer, en enkelt logo, eller trenger permanente, skreddersydde interi\u00f8rl\u00f8sninger \u2013\u00a0hjelper vi deg med \u00e5 skape flotte l\u00f8sninger for din bedrift!<\/h4>\n<h4>N3branding har tre ulike mattekvaliteter, og du kan enten velge fra v\u00e5re standardst\u00f8rrelser \u2013 eller tilpasse etter egne spesialm\u00e5l. <a href=\"https:\/\/n3zonesgroup.no\/renholdssoner\/wp-content\/uploads\/sites\/5\/2019\/04\/Varepr\u00f8vebok_N3Grafikk.pdf\">Last ned varepr\u00f8veboken<\/a> for spesifikasjoner.<\/h4>\n<p>[\/vc_column_text][vc_column_text el_class=&raquo;knapp&raquo;]<\/p>\n<p style=\"text-align: center;\"><a href=\"#foresporsel\">Send foresp\u00f8rsel<\/a><\/p>\n<p>[\/vc_column_text][\/vc_column][\/vc_row][vc_row el_class=&raquo;smallcontainer&raquo; el_id=&raquo;eksempler&raquo;][vc_column][vc_column_text]<\/p>\n<h2 style=\"text-align: center;\">Eksempler p\u00e5 l\u00f8sninger<\/h2>\n<h4 style=\"text-align: center;\">Her ser du eksempler p\u00e5 ulike l\u00f8sninger for din profilering.<\/h4>\n<p>[\/vc_column_text][\/vc_column][\/vc_row][vc_row equal_height=&raquo;yes&raquo; content_placement=&raquo;middle&raquo; el_class=&raquo;grey double-row&raquo; css=&raquo;.vc_custom_1554279909369{background-color: #ffffff !important;}&raquo;][vc_column el_class=&raquo;container&raquo;][vc_row_inner el_class=&raquo;container&raquo;][vc_column_inner width=&raquo;1\/2&#8243;][vc_single_image image=&raquo;1820&#8243; img_size=&raquo;full&raquo;][\/vc_column_inner][vc_column_inner width=&raquo;1\/2&#8243;][vc_single_image image=&raquo;1836&#8243; img_size=&raquo;full&raquo;][\/vc_column_inner][\/vc_row_inner][vc_row_inner el_class=&raquo;container&raquo;][vc_column_inner width=&raquo;1\/2&#8243;][vc_single_image image=&raquo;1837&#8243; img_size=&raquo;full&raquo;][\/vc_column_inner][vc_column_inner width=&raquo;1\/2&#8243;][vc_single_image image=&raquo;1822&#8243; img_size=&raquo;full&raquo;][\/vc_column_inner][\/vc_row_inner][\/vc_column][\/vc_row][vc_row el_id=&raquo;foresporsel&raquo;][vc_column][vc_row_inner el_class=&raquo;container form&raquo;][vc_column_inner]\n<div class=\"wpcf7 no-js\" id=\"wpcf7-f1868-o1\" lang=\"nb-NO\" dir=\"ltr\">\n<div class=\"screen-reader-response\"><p role=\"status\" aria-live=\"polite\" aria-atomic=\"true\"><\/p> <ul><\/ul><\/div>\n<form action=\"\/renholdssoner\/wp-json\/wp\/v2\/pages\/1813#wpcf7-f1868-o1\" method=\"post\" class=\"wpcf7-form init\" aria-label=\"Kontaktskjema\" enctype=\"multipart\/form-data\" novalidate=\"novalidate\" data-status=\"init\">\n<div style=\"display: none;\">\n<input type=\"hidden\" name=\"_wpcf7\" value=\"1868\" \/>\n<input type=\"hidden\" name=\"_wpcf7_version\" value=\"5.8\" \/>\n<input type=\"hidden\" name=\"_wpcf7_locale\" value=\"nb_NO\" \/>\n<input type=\"hidden\" name=\"_wpcf7_unit_tag\" value=\"wpcf7-f1868-o1\" \/>\n<input type=\"hidden\" name=\"_wpcf7_container_post\" value=\"0\" \/>\n<input type=\"hidden\" name=\"_wpcf7_posted_data_hash\" value=\"\" \/>\n<input type=\"hidden\" name=\"_wpcf7_recaptcha_response\" value=\"\" \/>\n<\/div>\n<h2>Foresp\u00f8rsel skjema\n<\/h2>\n<h4>Trenger du hjelp med bestillingen, <a href=\"mailto:nm@n3.no\">kontakt oss<\/a> s\u00e5 hjelper vi deg videre.\n<\/h4>\n<h5>Kontaktinformasjon\n<\/h5>\n<div class=\"col-md-4 form-group\">\n\t<p><span class=\"wpcf7-form-control-wrap\" data-name=\"kundenavn\"><input size=\"40\" class=\"wpcf7-form-control wpcf7-text wpcf7-validates-as-required\" aria-required=\"true\" aria-invalid=\"false\" placeholder=\"Kunde navn*\" value=\"\" type=\"text\" name=\"kundenavn\" \/><\/span>\n\t<\/p>\n<\/div>\n<div class=\"col-md-4 form-group\">\n\t<p><span class=\"wpcf7-form-control-wrap\" data-name=\"kundeepost\"><input size=\"40\" class=\"wpcf7-form-control wpcf7-email wpcf7-validates-as-required wpcf7-text wpcf7-validates-as-email\" aria-required=\"true\" aria-invalid=\"false\" placeholder=\"Kunde e-post*\" value=\"\" type=\"email\" name=\"kundeepost\" \/><\/span>\n\t<\/p>\n<\/div>\n<div class=\"col-md-4 form-group\">\n\t<p><span class=\"wpcf7-form-control-wrap\" data-name=\"kundemobil\"><input size=\"40\" minlength=\"8\" class=\"wpcf7-form-control wpcf7-tel wpcf7-validates-as-required wpcf7-text wpcf7-validates-as-tel\" aria-required=\"true\" aria-invalid=\"false\" placeholder=\"Kunde mobil*\" value=\"\" type=\"tel\" name=\"kundemobil\" \/><\/span>\n\t<\/p>\n<\/div>\n<div class=\"col-md-4 form-group\">\n\t<p><span class=\"wpcf7-form-control-wrap\" data-name=\"firma\"><input size=\"40\" class=\"wpcf7-form-control wpcf7-text wpcf7-validates-as-required\" aria-required=\"true\" aria-invalid=\"false\" placeholder=\"Firma*\" value=\"\" type=\"text\" name=\"firma\" \/><\/span>\n\t<\/p>\n<\/div>\n<div class=\"col-md-4 form-group\">\n\t<p><span class=\"wpcf7-form-control-wrap\" data-name=\"stilling\"><input size=\"40\" class=\"wpcf7-form-control wpcf7-text wpcf7-validates-as-required\" aria-required=\"true\" aria-invalid=\"false\" placeholder=\"Prosjektnavn*\" value=\"\" type=\"text\" name=\"stilling\" \/><\/span>\n\t<\/p>\n<\/div>\n<div class=\"col-md-4 form-group\">\n\t<p><span class=\"wpcf7-form-control-wrap\" data-name=\"radgiver\"><input size=\"40\" class=\"wpcf7-form-control wpcf7-text wpcf7-validates-as-required\" aria-required=\"true\" aria-invalid=\"false\" placeholder=\"Ansvarlig r\u00e5dgiver*\" value=\"\" type=\"text\" name=\"radgiver\" \/><\/span>\n\t<\/p>\n<\/div>\n<h5>Antall\n<\/h5>\n<div class=\"col-md-4 form-group\">\n\t<p><label>Antall profilerte budskap i sonen<\/label><br \/>\n<span class=\"wpcf7-form-control-wrap\" data-name=\"antall-profilterte-budskap\"><input class=\"wpcf7-form-control wpcf7-number wpcf7-validates-as-number\" min=\"0\" aria-invalid=\"false\" placeholder=\"Fyll inn antall\" value=\"\" type=\"number\" name=\"antall-profilterte-budskap\" \/><\/span>\n\t<\/p>\n<\/div>\n<div class=\"col-md-4 form-group\">\n\t<p><label>Antall profilerte l\u00f8se matter<\/label><br \/>\n<span class=\"wpcf7-form-control-wrap\" data-name=\"antall-lose-matter\"><input class=\"wpcf7-form-control wpcf7-number wpcf7-validates-as-number\" min=\"0\" aria-invalid=\"false\" placeholder=\"Fyll inn antall\" value=\"\" type=\"number\" name=\"antall-lose-matter\" \/><\/span>\n\t<\/p>\n<\/div>\n<div style=\"clear:both\">\n<\/div>\n<h5>Kvalitet GLOBOSSOFT og st\u00f8rrelse\n<\/h5>\n<div class=\"col-md-12 radios form-group\" style=\"display:none\">\n\t<p><span class=\"wpcf7-form-control-wrap\" data-name=\"type\"><span class=\"wpcf7-form-control wpcf7-checkbox\"><span class=\"wpcf7-list-item first last\"><input type=\"checkbox\" name=\"type[]\" value=\"Globossoft\" \/><span class=\"wpcf7-list-item-label\">Globossoft<\/span><\/span><\/span><\/span>\n\t<\/p>\n\t<div style=\"clear:both\">\n\t<\/div>\n<\/div>\n<div class=\"col-md-4 form-group country-felter\" style=\"display:none\">\n\t<div class=\"col-md-12 form-group\">\n\t\t<p><label>Uten gummilist<\/label><br \/>\n<span class=\"wpcf7-form-control-wrap\" data-name=\"storrelse-country-uten-gummi\"><select class=\"wpcf7-form-control wpcf7-select\" aria-invalid=\"false\" name=\"storrelse-country-uten-gummi\"><option value=\"\">&#8212;Velg et alternativ&#8212;<\/option><option value=\"40 x 60 cm\">40 x 60 cm<\/option><option value=\"40 x 80 cm (\">40 x 80 cm (<\/option><option value=\"40 x 100 cm\">40 x 100 cm<\/option><option value=\"40 x 140 cm\">40 x 140 cm<\/option><option value=\"55 x 70 cm  (\">55 x 70 cm  (<\/option><option value=\"55 x 80 cm\">55 x 80 cm<\/option><option value=\"55 x 90 cm\">55 x 90 cm<\/option><option value=\"85 x 120 cm\">85 x 120 cm<\/option><option value=\"85 x 150 cm\">85 x 150 cm<\/option><option value=\"140 x 175 cm\">140 x 175 cm<\/option><option value=\"175 x 230 cm\">175 x 230 cm<\/option><option value=\"175 x 300 cm\">175 x 300 cm<\/option><\/select><\/span>\n\t\t<\/p>\n\t<\/div>\n\t<div class=\"col-md-12 spesial\">\n\t\t<p><label>Spesial m\u00e5l(cm)<\/label><br \/>\n<span class=\"wpcf7-form-control-wrap\" data-name=\"country-special-b\"><input class=\"wpcf7-form-control wpcf7-number wpcf7-validates-as-number\" min=\"0\" aria-invalid=\"false\" placeholder=\"B:\" value=\"\" type=\"number\" name=\"country-special-b\" \/><\/span><span class=\"divider\">x<\/span><span class=\"wpcf7-form-control-wrap\" data-name=\"country-special-h\"><input class=\"wpcf7-form-control wpcf7-number wpcf7-validates-as-number\" min=\"0\" aria-invalid=\"false\" placeholder=\"H:\" value=\"\" type=\"number\" name=\"country-special-h\" \/><\/span>\n\t\t<\/p>\n\t\t<div style=\"clear:both\">\n\t\t<\/div>\n\t<\/div>\n<\/div>\n<div class=\"col-md-4 form-group globos-felter\">\n\t<div class=\"col-md-12 form-group\">\n\t\t<p><label>Uten gummilist<\/label><br \/>\n<span class=\"wpcf7-form-control-wrap\" data-name=\"storrelse-globos-uten-gummi\"><select class=\"wpcf7-form-control wpcf7-select\" aria-invalid=\"false\" name=\"storrelse-globos-uten-gummi\"><option value=\"\">&#8212;Velg et alternativ&#8212;<\/option><option value=\"40 x 60 cm (0,24 kvm)\">40 x 60 cm (0,24 kvm)<\/option><option value=\"40 x 100 cm (0,40 kvm)\">40 x 100 cm (0,40 kvm)<\/option><option value=\"40 x 140 cm (0,56 kvm)\">40 x 140 cm (0,56 kvm)<\/option><option value=\"55 x 70 cm (0,39 kvm)\">55 x 70 cm (0,39 kvm)<\/option><option value=\"55 x 80 cm (0,44 kvm)\">55 x 80 cm (0,44 kvm)<\/option><option value=\"55 x 90 cm (0,50 kvm)\">55 x 90 cm (0,50 kvm)<\/option><option value=\"60 x 90 cm (0,54 kvm)\">60 x 90 cm (0,54 kvm)<\/option><option value=\"90 x 120 cm (1,08 kvm)\">90 x 120 cm (1,08 kvm)<\/option><option value=\"90 x 150 cm (1,35 kvm)\">90 x 150 cm (1,35 kvm)<\/option><option value=\"140 x 180 cm (2,52 kvm)\">140 x 180 cm (2,52 kvm)<\/option><option value=\"180 x 230 cm (4,14 kvm)\">180 x 230 cm (4,14 kvm)<\/option><option value=\"180 x 300 cm (5,40 kvm)\">180 x 300 cm (5,40 kvm)<\/option><\/select><\/span>\n\t\t<\/p>\n\t<\/div>\n\t<div class=\"col-md-12 form-group\">\n\t\t<p><label>Med gummilist<\/label><br \/>\n<span class=\"wpcf7-form-control-wrap\" data-name=\"storrelse-globos-med-gummi\"><select class=\"wpcf7-form-control wpcf7-select\" aria-invalid=\"false\" name=\"storrelse-globos-med-gummi\"><option value=\"\">&#8212;Velg et alternativ&#8212;<\/option><option value=\"40 x 60 cm (0,24 kvm)\">40 x 60 cm (0,24 kvm)<\/option><option value=\"45 x 65 cm (0,29 kvm)\">45 x 65 cm (0,29 kvm)<\/option><option value=\"45 x 75 cm (0,34 kvm)\">45 x 75 cm (0,34 kvm)<\/option><option value=\"45 x 100 cm (0,45 kvm)\">45 x 100 cm (0,45 kvm)<\/option><option value=\"60 x 80 cm (0,48 kvm)\">60 x 80 cm (0,48 kvm)<\/option><option value=\"60 x 90 cm (0,54 kvm)\">60 x 90 cm (0,54 kvm)<\/option><option value=\"60 x 180 cm (1,08 kvm)\">60 x 180 cm (1,08 kvm)<\/option><option value=\"90 x 120 cm (1,08 kvm)\">90 x 120 cm (1,08 kvm)<\/option><option value=\"90 x 150 cm (1,35 kvm)\">90 x 150 cm (1,35 kvm)<\/option><option value=\"140 x 185 cm (2,59 kvm)\">140 x 185 cm (2,59 kvm)<\/option><option value=\"185 x 230 cm (4,26 kvm)\">185 x 230 cm (4,26 kvm)<\/option><option value=\"185 x 300 cm (5,55 kvm)\">185 x 300 cm (5,55 kvm)<\/option><\/select><\/span>\n\t\t<\/p>\n\t<\/div>\n\t<div class=\"col-md-12 spesial\" style=\"display:none\">\n\t\t<p><label>Spesial m\u00e5l(cm)<\/label><br \/>\n<span class=\"wpcf7-form-control-wrap\" data-name=\"globos-special-b\"><input class=\"wpcf7-form-control wpcf7-number wpcf7-validates-as-number\" min=\"0\" aria-invalid=\"false\" placeholder=\"B:\" value=\"\" type=\"number\" name=\"globos-special-b\" \/><\/span><span class=\"divider\">x<\/span><span class=\"wpcf7-form-control-wrap\" data-name=\"globos-special-h\"><input class=\"wpcf7-form-control wpcf7-number wpcf7-validates-as-number\" min=\"0\" aria-invalid=\"false\" placeholder=\"H:\" value=\"\" type=\"number\" name=\"globos-special-h\" \/><\/span>\n\t\t<\/p>\n\t\t<div style=\"clear:both\">\n\t\t<\/div>\n\t<\/div>\n<\/div>\n<div class=\"col-md-4 form-group patio-felter\" style=\"display:none\">\n\t<div class=\"col-md-12 form-group\">\n\t\t<p><label>Uten gummilist<\/label><br \/>\n<span class=\"wpcf7-form-control-wrap\" data-name=\"storrelse-patio-uten-gummi\"><select class=\"wpcf7-form-control wpcf7-select\" aria-invalid=\"false\" name=\"storrelse-patio-uten-gummi\"><option value=\"\">&#8212;Velg et alternativ&#8212;<\/option><option value=\"40 x 60 cm\">40 x 60 cm<\/option><option value=\"45 x 100 cm\">45 x 100 cm<\/option><option value=\"45 x 150 cm\">45 x 150 cm<\/option><option value=\"60 x 80 cm\">60 x 80 cm<\/option><option value=\"60 x 90 cm\">60 x 90 cm<\/option><option value=\"60 x 150 cm\">60 x 150 cm<\/option><option value=\"60 x 180 cm\">60 x 180 cm<\/option><option value=\"90 x 120 cm\">90 x 120 cm<\/option><option value=\"90 x 150 cm\">90 x 150 cm<\/option><option value=\"140 x 185 cm\">140 x 185 cm<\/option><option value=\"185 x 230 cm\">185 x 230 cm<\/option><option value=\"185 x 300 cm\">185 x 300 cm<\/option><\/select><\/span>\n\t\t<\/p>\n\t<\/div>\n\t<div class=\"col-md-12 form-group\">\n\t\t<p><label>Med gummilist<\/label><br \/>\n<span class=\"wpcf7-form-control-wrap\" data-name=\"storrelse-patio-med-gummi\"><select class=\"wpcf7-form-control wpcf7-select\" aria-invalid=\"false\" name=\"storrelse-patio-med-gummi\"><option value=\"\">&#8212;Velg et alternativ&#8212;<\/option><option value=\"40 x 60 cm\">40 x 60 cm<\/option><option value=\"40 x 100 cm\">40 x 100 cm<\/option><option value=\"40 x 140 cm\">40 x 140 cm<\/option><option value=\"50 x 75 cm\">50 x 75 cm<\/option><option value=\"50 x 80 cm\">50 x 80 cm<\/option><option value=\"65 x 80 cm\">65 x 80 cm<\/option><option value=\"65 x 90 cm\">65 x 90 cm<\/option><option value=\"95 x 120 cm\">95 x 120 cm<\/option><option value=\"95 x 150 cm\">95 x 150 cm<\/option><option value=\"140 x 190 cm\">140 x 190 cm<\/option><option value=\"190 x 230 cm\">190 x 230 cm<\/option><option value=\"190 x 300 cm\">190 x 300 cm<\/option><\/select><\/span>\n\t\t<\/p>\n\t<\/div>\n\t<div class=\"col-md-12 spesial\">\n\t\t<p><label>Spesial m\u00e5l(cm)<\/label><br \/>\n<span class=\"wpcf7-form-control-wrap\" data-name=\"patio-special-b\"><input class=\"wpcf7-form-control wpcf7-number wpcf7-validates-as-number\" min=\"0\" aria-invalid=\"false\" placeholder=\"B:\" value=\"\" type=\"number\" name=\"patio-special-b\" \/><\/span><span class=\"divider\">x<\/span><span class=\"wpcf7-form-control-wrap\" data-name=\"patio-special-h\"><input class=\"wpcf7-form-control wpcf7-number wpcf7-validates-as-number\" min=\"0\" aria-invalid=\"false\" placeholder=\"H:\" value=\"\" type=\"number\" name=\"patio-special-h\" \/><\/span>\n\t\t<\/p>\n\t\t<div style=\"clear:both\">\n\t\t<\/div>\n\t<\/div>\n<\/div>\n<h5>Har du logo\/grafisk materiell som skal trykkes?\n<\/h5>\n<div class=\"row\">\n\t<div class=\"col-md-4 radios-2\">\n\t\t<div class=\"col-md-12\" style=\"z-index:9\">\n\t\t\t<p><span class=\"wpcf7-form-control-wrap\" data-name=\"logo-ja\"><span class=\"wpcf7-form-control wpcf7-checkbox\"><span class=\"wpcf7-list-item first last\"><input type=\"checkbox\" name=\"logo-ja[]\" value=\"Ja\" \/><span class=\"wpcf7-list-item-label\">Ja<\/span><\/span><\/span><\/span>\n\t\t\t<\/p>\n\t\t<\/div>\n\t\t<div class=\"col-md-12\">\n\t\t\t<p>Godkjente filformater: eps, ai, pdf\n\t\t\t<\/p>\n\t\t<\/div>\n\t\t<p><span class=\"wpcf7-form-control-wrap multifil\"><input size=\"40\" class=\"wpcf7-form-control wpcf7-multifile\" multiple=\"multiple\" aria-invalid=\"false\" type=\"file\" name=\"multifil[]\" \/><\/span>\n\t\t<\/p>\n\t<\/div>\n\t<div class=\"col-md-8 radios-2\" style=\"z-index:9\">\n\t\t<p><span class=\"wpcf7-form-control-wrap\" data-name=\"logo-nei\"><span class=\"wpcf7-form-control wpcf7-checkbox\"><span class=\"wpcf7-list-item first last\"><input type=\"checkbox\" name=\"logo-nei[]\" value=\"Nei, jeg \u00f8nsker \u00e5 bli kontaktet for r\u00e5dgivning og design\" \/><span class=\"wpcf7-list-item-label\">Nei, jeg \u00f8nsker \u00e5 bli kontaktet for r\u00e5dgivning og design<\/span><\/span><\/span><\/span>\n\t\t<\/p>\n\t<\/div>\n<\/div>\n<h5>\u00d8nsker du \u00e5 bytte\/veksle profilering i Renholdssoner?\n<\/h5>\n<div class=\"row\">\n\t<div class=\"col-md-4 form-group radios-2\">\n\t\t<div class=\"col-md-12 form-group\" style=\"z-index:9\">\n\t\t\t<p><span class=\"wpcf7-form-control-wrap\" data-name=\"profilering-ja\"><span class=\"wpcf7-form-control wpcf7-checkbox\"><span class=\"wpcf7-list-item first last\"><input type=\"checkbox\" name=\"profilering-ja[]\" value=\"Ja, i s\u00e5 fall hvor ofte?\" \/><span class=\"wpcf7-list-item-label\">Ja, i s\u00e5 fall hvor ofte?<\/span><\/span><\/span><\/span>\n\t\t\t<\/p>\n\t\t<\/div>\n\t\t<div class=\"col-md-12 form-group\">\n\t\t\t<p><span class=\"wpcf7-form-control-wrap\" data-name=\"ofte-profilering\"><input size=\"40\" class=\"wpcf7-form-control wpcf7-text\" aria-invalid=\"false\" placeholder=\"Fyll inn \u00f8nsket intervall\" value=\"\" type=\"text\" name=\"ofte-profilering\" \/><\/span>\n\t\t\t<\/p>\n\t\t<\/div>\n\t<\/div>\n\t<div class=\"col-md-8 radios-2\" style=\"z-index:9\">\n\t\t<p><span class=\"wpcf7-form-control-wrap\" data-name=\"profilering-nei\"><span class=\"wpcf7-form-control wpcf7-checkbox\"><span class=\"wpcf7-list-item first last\"><input type=\"checkbox\" name=\"profilering-nei[]\" value=\"Nei\" \/><span class=\"wpcf7-list-item-label\">Nei<\/span><\/span><\/span><\/span>\n\t\t<\/p>\n\t<\/div>\n<\/div>\n<h5>Har du tilleggsinformasjon?\n<\/h5>\n<div class=\"col-md-12\">\n\t<p><span class=\"wpcf7-form-control-wrap\" data-name=\"tillegsinfo\"><textarea cols=\"40\" rows=\"10\" class=\"wpcf7-form-control wpcf7-textarea\" aria-invalid=\"false\" placeholder=\"Fyll inn tilleggsinfo\" name=\"tillegsinfo\"><\/textarea><\/span>\n\t<\/p>\n\t<p>Vi vil sende deg et tilbud og fil for godkjenning s\u00e5 raskt som mulig.\n\t<\/p>\n<\/div>\n<p><button class=\"button\" type=\"submit\">Send inn <\/button>\n<\/p><div class=\"wpcf7-response-output\" aria-hidden=\"true\"><\/div>\n<\/form>\n<\/div>\n[\/vc_column_inner][\/vc_row_inner][vc_empty_space height=&raquo;80px&raquo;][\/vc_column][\/vc_row]<\/p>\n","protected":false},"excerpt":{"rendered":"<p>[vc_row el_class=&raquo;container topp&raquo;][vc_column][vc_column_text] Gi renholdssonen s\u00e6rpreg med N3branding [\/vc_column_text][vc_column_text el_class=&raquo;smallcontainer&raquo;] En spesialdesignet renholdssone med ditt uttrykk gir ikke bare et renere og [&hellip;]<\/p>\n","protected":false},"author":1,"featured_media":1835,"parent":0,"menu_order":2,"comment_status":"closed","ping_status":"closed","template":"kampanjemal.php","meta":{"_crosspost_to_1":false,"_crosspost_to_15":false,"footnotes":""},"class_list":["post-1813","page","type-page","status-publish","hentry"],"acf":[],"_links":{"self":[{"href":"https:\/\/n3.no\/renholdssoner\/wp-json\/wp\/v2\/pages\/1813","targetHints":{"allow":["GET"]}}],"collection":[{"href":"https:\/\/n3.no\/renholdssoner\/wp-json\/wp\/v2\/pages"}],"about":[{"href":"https:\/\/n3.no\/renholdssoner\/wp-json\/wp\/v2\/types\/page"}],"author":[{"embeddable":true,"href":"https:\/\/n3.no\/renholdssoner\/wp-json\/wp\/v2\/users\/1"}],"replies":[{"embeddable":true,"href":"https:\/\/n3.no\/renholdssoner\/wp-json\/wp\/v2\/comments?post=1813"}],"version-history":[{"count":0,"href":"https:\/\/n3.no\/renholdssoner\/wp-json\/wp\/v2\/pages\/1813\/revisions"}],"wp:featuredmedia":[{"embeddable":true,"href":"https:\/\/n3.no\/renholdssoner\/wp-json\/wp\/v2\/media\/1835"}],"wp:attachment":[{"href":"https:\/\/n3.no\/renholdssoner\/wp-json\/wp\/v2\/media?parent=1813"}],"curies":[{"name":"wp","href":"https:\/\/api.w.org\/{rel}","templated":true}]}}