{"id":235,"date":"2017-04-24T12:16:44","date_gmt":"2017-04-24T10:16:44","guid":{"rendered":"http:\/\/168920-www.web.tornado-node.net\/stopzones\/hva-gjor-vi\/installasjon\/"},"modified":"2020-06-05T13:00:29","modified_gmt":"2020-06-05T11:00:29","slug":"installasjon","status":"publish","type":"page","link":"https:\/\/n3.no\/renholdssoner\/hva-gjor-vi\/installasjon\/","title":{"rendered":"Installasjon"},"content":{"rendered":"<p>[vc_row el_class=&raquo;smallcontainer&raquo;][vc_column][vc_column_text]<\/p>\n<h1 style=\"text-align: center;\">Prosjektering, koordinering og installasjon<\/h1>\n<h4>N\u00e5r tilbudet er akseptert, starter koordinering og prosjektering for \u00e5 sikre en plettfri skreddersydd installasjon etter godkjent skisse. V\u00e5r kundeservice koordinerer installasjonen med riktig kontaktperson og v\u00e5r sertifiserte gulvlegger. N\u00e5r alt er avtalt, sender vi en skriftlig bekreftelse til kunden p\u00e5 e-post.<\/h4>\n<h4>Alle v\u00e5re installat\u00f8rer har gjennomg\u00e5tt og gjennomg\u00e5r v\u00e5rt \u00e5rlige sertifiseringskurs og har best\u00e5tt kurset.<\/h4>\n<p>&nbsp;<\/p>\n<p><strong>Vedlikeholdssystemet<\/strong><\/p>\n<p>Inkludert er et komplett vedlikeholdssystem som er skreddersydd for den daglige rengj\u00f8ringen av renholdssonen. Systemet best\u00e5r av en N3EVO teppebanker maskin med b\u00f8rster, hepa filter, poser og annet tilbeh\u00f8r. I tillegg f\u00f8lger det med internkontrollskjemaer og etiketter for \u00e5 styre og kontrollere bruken av maskinen. Fullstendig brukermanual og smartinstruksjoner (korte filmer) ligger p\u00e5 v\u00e5re nettsider under kundeservice og er ogs\u00e5 tilgjengelig gjennom CleanPilot. Kunden kan selv velge \u00e5 ha med en funksjonsgaranti slik at driften sikres gjennom hele leieperioden.<\/p>\n<p><strong>Oppl\u00e6ring av renholdspersonell<\/strong><\/p>\n<p>I forbindelse med installasjonen s\u00f8rger vi for oppl\u00e6ring av renholdspersonellet som skal ha ansvaret for vedlikeholdet av renholdssonene. Oppl\u00e6ringen blir koordinert av v\u00e5r kundeservice.<\/p>\n<h3><\/h3>\n<p>[\/vc_column_text][vc_video link=&raquo;https:\/\/vimeo.com\/426177296&#8243; align=&raquo;center&raquo;][\/vc_column][\/vc_row][vc_row css=&raquo;.vc_custom_1590568646630{padding-bottom: 70px !important;background-image: url(https:\/\/n3zonesgroup.no\/renholdssoner\/wp-content\/uploads\/sites\/5\/2017\/05\/Skole_2.jpg?id=961) !important;background-position: center !important;background-repeat: no-repeat !important;background-size: cover !important;}&raquo;][vc_column][\/vc_column][\/vc_row]<\/p>\n","protected":false},"excerpt":{"rendered":"<p>[vc_row el_class=&raquo;smallcontainer&raquo;][vc_column][vc_column_text] Prosjektering, koordinering og installasjon N\u00e5r tilbudet er akseptert, starter koordinering og prosjektering for \u00e5 sikre en plettfri skreddersydd installasjon etter [&hellip;]<\/p>\n","protected":false},"author":1,"featured_media":0,"parent":214,"menu_order":6,"comment_status":"closed","ping_status":"closed","template":"ingen-header.php","meta":{"_crosspost_to_1":false,"_crosspost_to_15":false,"footnotes":""},"class_list":["post-235","page","type-page","status-publish","hentry"],"acf":[],"_links":{"self":[{"href":"https:\/\/n3.no\/renholdssoner\/wp-json\/wp\/v2\/pages\/235","targetHints":{"allow":["GET"]}}],"collection":[{"href":"https:\/\/n3.no\/renholdssoner\/wp-json\/wp\/v2\/pages"}],"about":[{"href":"https:\/\/n3.no\/renholdssoner\/wp-json\/wp\/v2\/types\/page"}],"author":[{"embeddable":true,"href":"https:\/\/n3.no\/renholdssoner\/wp-json\/wp\/v2\/users\/1"}],"replies":[{"embeddable":true,"href":"https:\/\/n3.no\/renholdssoner\/wp-json\/wp\/v2\/comments?post=235"}],"version-history":[{"count":0,"href":"https:\/\/n3.no\/renholdssoner\/wp-json\/wp\/v2\/pages\/235\/revisions"}],"up":[{"embeddable":true,"href":"https:\/\/n3.no\/renholdssoner\/wp-json\/wp\/v2\/pages\/214"}],"wp:attachment":[{"href":"https:\/\/n3.no\/renholdssoner\/wp-json\/wp\/v2\/media?parent=235"}],"curies":[{"name":"wp","href":"https:\/\/api.w.org\/{rel}","templated":true}]}}